{"id":185,"date":"2014-11-23T06:07:17","date_gmt":"2014-11-23T08:07:17","guid":{"rendered":"http:\/\/www.vagasdf.com.br\/?page_id=141"},"modified":"2025-06-07T13:57:18","modified_gmt":"2025-06-07T16:57:18","slug":"politica-de-privacidade-2","status":"publish","type":"page","link":"https:\/\/www.vagasdf.com.br\/index.php\/politica-de-privacidade-2\/","title":{"rendered":"Pol\u00edtica de Privacidade"},"content":{"rendered":"<p style=\"text-align: justify;\">O <a title=\"Vagas DF\" href=\"http:\/\/www.vagasdf.com.br\">Vagas DF<\/a> respeita seu visitante e assume o compromisso de proteger sua privacidade na internet. Nosso compromisso \u00e9 o de resguardar as informa\u00e7\u00f5es pessoais que nos forem fornecidas e o de utilizar estas informa\u00e7\u00f5es somente para os fins a que forem destinadas.<\/p>\n<p style=\"text-align: justify;\">Esta declara\u00e7\u00e3o de privacidade descreve as pr\u00e1ticas de privacidade do blog e explica as op\u00e7\u00f5es que s\u00e3o fornecidas sobre o modo pelo qual as informa\u00e7\u00f5es dos visitantes s\u00e3o coletadas e utilizadas.<\/p>\n<p style=\"text-align: justify;\"><strong>Logs do Servidor<\/strong><\/p>\n<p style=\"text-align: justify;\">Assim como a maioria dos sites, nossos servidores usam arquivos de log. Estes arquivos incluem endere\u00e7os IP, tipo de browser, informa\u00e7\u00f5es de provedor, p\u00e1gina de origem, p\u00e1gina de sa\u00edda, plataforma usada, data, hor\u00e1rio e n\u00famero de cliques. Estes dados n\u00e3o permitem a identifica\u00e7\u00e3o do usu\u00e1rio e s\u00e3o coletados para verificar o alcance demogr\u00e1fico do site e para permitir que nossas atualiza\u00e7\u00f5es agreguem sempre mais conte\u00fado que seja relevante aos usu\u00e1rios.<\/p>\n<p style=\"text-align: justify;\"><strong>Cookies e Web Beacons<\/strong><\/p>\n<p style=\"text-align: justify;\">Um cookie \u00e9 um pequeno arquivo de dados armazenado no computador do usu\u00e1rio que traz informa\u00e7\u00f5es do mesmo. Nosso site n\u00e3o usa cookies, entretanto alguns de nossos anunciantes usam e n\u00f3s n\u00e3o temos acesso e nem controle sobre esses cookies. Se o usu\u00e1rio desejar poder\u00e1 desabilitar o recebimento e o armazenamento de cookies em seu navegador alterando as configura\u00e7\u00f5es de seguran\u00e7a do mesmo, no menu de ferramentas. Maiores informa\u00e7\u00f5es a respeido podem ser obtidas no manual ou nos arquivos de ajuda do navegador.<\/p>\n<p style=\"text-align: justify;\"><strong>Links<\/strong><\/p>\n<p style=\"text-align: justify;\">Este site pode conter links para outros sites. N\u00e3o somos respons\u00e1veis pelas pol\u00edticas de privacidade desses sites e encorajamos nossos usu\u00e1rios a buscar e ler essas informa\u00e7\u00f5es nos sites linkados.<\/p>\n<p style=\"text-align: justify;\"><strong>Anunciantes<\/strong><\/p>\n<p style=\"text-align: justify;\">Usamos servi\u00e7os de outras empresas para exibir an\u00fancios em nosso site. Esses an\u00fancios podem conter cookies e\/ou web beacons para coletar dados no processo de exibi\u00e7\u00e3o de an\u00fancios por essas empresas. N\u00f3s n\u00e3o temos acesso \u00e0s informa\u00e7\u00f5es coletadas por essas empresas.<\/p>\n<p style=\"text-align: justify;\"><strong>Cookie DART do Google AdSense<\/strong><\/p>\n<p style=\"text-align: justify;\">Este site exibe an\u00fancios servidos pela rede Google AdSense. O Google usa cookies para exibir an\u00fancios nos sites que publicam seus an\u00fancios. O cookie DART permite que sejam exibidos an\u00fancios baseados nas prefer\u00eancias do usu\u00e1rio e em seus h\u00e1bitos de navega\u00e7\u00e3o. Os usu\u00e1rios podem optar por desabilitar o cookie DART visitando a <a href=\"http:\/\/www.google.com\/privacy_ads.html\" target=\"_blank\" rel=\"nofollow\">p\u00e1gina que cont\u00e9m a pol\u00edtica de privacidade da rede de an\u00fancios e conte\u00fado do Google<\/a>.<\/p>\n<p style=\"text-align: justify;\"><strong>Informa\u00e7\u00f5es de Contato<\/strong><\/p>\n<p style=\"text-align: justify;\">Em caso de d\u00favidas, sugest\u00f5es ou questionamentos a respeito de nossa pol\u00edtica de privacidade ou a respeito de nosso site nossos usu\u00e1rios podem contatar-nos usando nosso <a href=\"http:\/\/www.vagasdf.com.br\/contato\/\">formul\u00e1rio de contato<\/a>.<\/p>\n<p style=\"text-align: justify;\"><em>\u00daltima Atualiza\u00e7\u00e3o: 23\/11\/2014 \u2013 06:07<\/em><\/p>\n","protected":false},"excerpt":{"rendered":"<p>O Vagas DF respeita seu visitante e assume o compromisso de proteger sua privacidade na internet. Nosso compromisso \u00e9 o de resguardar as informa\u00e7\u00f5es pessoais [&#8230;]<\/p>\n","protected":false},"author":3,"featured_media":0,"parent":0,"menu_order":40,"comment_status":"closed","ping_status":"closed","template":"","meta":{"footnotes":""},"class_list":["post-185","page","type-page","status-publish","hentry"],"yoast_head":"<!-- This site is optimized with the Yoast SEO plugin v27.5 - https:\/\/yoast.com\/product\/yoast-seo-wordpress\/ -->\n<title>Pol\u00edtica de Privacidade - VagasDF<\/title>\n<meta name=\"robots\" content=\"index, follow, max-snippet:-1, max-image-preview:large, max-video-preview:-1\" \/>\n<link rel=\"canonical\" href=\"https:\/\/www.vagasdf.com.br\/index.php\/politica-de-privacidade-2\/\" \/>\n<meta property=\"og:locale\" content=\"pt_BR\" \/>\n<meta property=\"og:type\" content=\"article\" \/>\n<meta property=\"og:title\" content=\"Pol\u00edtica de Privacidade - VagasDF\" \/>\n<meta property=\"og:description\" content=\"O Vagas DF respeita seu visitante e assume o compromisso de proteger sua privacidade na internet. Nosso compromisso \u00e9 o de resguardar as informa\u00e7\u00f5es pessoais [...]\" \/>\n<meta property=\"og:url\" content=\"https:\/\/www.vagasdf.com.br\/index.php\/politica-de-privacidade-2\/\" \/>\n<meta property=\"og:site_name\" content=\"VagasDF\" \/>\n<meta property=\"article:modified_time\" content=\"2025-06-07T16:57:18+00:00\" \/>\n<meta name=\"twitter:card\" content=\"summary_large_image\" \/>\n<meta name=\"twitter:label1\" content=\"Est. tempo de leitura\" \/>\n\t<meta name=\"twitter:data1\" content=\"2 minutos\" \/>\n<!-- \/ Yoast SEO plugin. -->","yoast_head_json":{"title":"Pol\u00edtica de Privacidade - VagasDF","robots":{"index":"index","follow":"follow","max-snippet":"max-snippet:-1","max-image-preview":"max-image-preview:large","max-video-preview":"max-video-preview:-1"},"canonical":"https:\/\/www.vagasdf.com.br\/index.php\/politica-de-privacidade-2\/","og_locale":"pt_BR","og_type":"article","og_title":"Pol\u00edtica de Privacidade - VagasDF","og_description":"O Vagas DF respeita seu visitante e assume o compromisso de proteger sua privacidade na internet. Nosso compromisso \u00e9 o de resguardar as informa\u00e7\u00f5es pessoais [...]","og_url":"https:\/\/www.vagasdf.com.br\/index.php\/politica-de-privacidade-2\/","og_site_name":"VagasDF","article_modified_time":"2025-06-07T16:57:18+00:00","twitter_card":"summary_large_image","twitter_misc":{"Est. tempo de leitura":"2 minutos"},"schema":{"@context":"https:\/\/schema.org","@graph":[{"@type":"WebPage","@id":"https:\/\/www.vagasdf.com.br\/index.php\/politica-de-privacidade-2\/","url":"https:\/\/www.vagasdf.com.br\/index.php\/politica-de-privacidade-2\/","name":"Pol\u00edtica de Privacidade - VagasDF","isPartOf":{"@id":"https:\/\/www.vagasdf.com.br\/#website"},"datePublished":"2014-11-23T08:07:17+00:00","dateModified":"2025-06-07T16:57:18+00:00","breadcrumb":{"@id":"https:\/\/www.vagasdf.com.br\/index.php\/politica-de-privacidade-2\/#breadcrumb"},"inLanguage":"pt-BR","potentialAction":[{"@type":"ReadAction","target":["https:\/\/www.vagasdf.com.br\/index.php\/politica-de-privacidade-2\/"]}]},{"@type":"BreadcrumbList","@id":"https:\/\/www.vagasdf.com.br\/index.php\/politica-de-privacidade-2\/#breadcrumb","itemListElement":[{"@type":"ListItem","position":1,"name":"Home","item":"https:\/\/www.vagasdf.com.br\/"},{"@type":"ListItem","position":2,"name":"Pol\u00edtica de Privacidade"}]},{"@type":"WebSite","@id":"https:\/\/www.vagasdf.com.br\/#website","url":"https:\/\/www.vagasdf.com.br\/","name":"VagasDF","description":"Vagas de Emprego e Est\u00e1gio no DF","publisher":{"@id":"https:\/\/www.vagasdf.com.br\/#organization"},"potentialAction":[{"@type":"SearchAction","target":{"@type":"EntryPoint","urlTemplate":"https:\/\/www.vagasdf.com.br\/?s={search_term_string}"},"query-input":{"@type":"PropertyValueSpecification","valueRequired":true,"valueName":"search_term_string"}}],"inLanguage":"pt-BR"},{"@type":"Organization","@id":"https:\/\/www.vagasdf.com.br\/#organization","name":"VagasDF","url":"https:\/\/www.vagasdf.com.br\/","logo":{"@type":"ImageObject","inLanguage":"pt-BR","@id":"https:\/\/www.vagasdf.com.br\/#\/schema\/logo\/image\/","url":"https:\/\/www.vagasdf.com.br\/wp-content\/uploads\/2025\/06\/cropped-vdf-logo-2021.jpg","contentUrl":"https:\/\/www.vagasdf.com.br\/wp-content\/uploads\/2025\/06\/cropped-vdf-logo-2021.jpg","width":350,"height":100,"caption":"VagasDF"},"image":{"@id":"https:\/\/www.vagasdf.com.br\/#\/schema\/logo\/image\/"}}]}},"_links":{"self":[{"href":"https:\/\/www.vagasdf.com.br\/index.php\/wp-json\/wp\/v2\/pages\/185","targetHints":{"allow":["GET"]}}],"collection":[{"href":"https:\/\/www.vagasdf.com.br\/index.php\/wp-json\/wp\/v2\/pages"}],"about":[{"href":"https:\/\/www.vagasdf.com.br\/index.php\/wp-json\/wp\/v2\/types\/page"}],"author":[{"embeddable":true,"href":"https:\/\/www.vagasdf.com.br\/index.php\/wp-json\/wp\/v2\/users\/3"}],"replies":[{"embeddable":true,"href":"https:\/\/www.vagasdf.com.br\/index.php\/wp-json\/wp\/v2\/comments?post=185"}],"version-history":[{"count":1,"href":"https:\/\/www.vagasdf.com.br\/index.php\/wp-json\/wp\/v2\/pages\/185\/revisions"}],"predecessor-version":[{"id":40702,"href":"https:\/\/www.vagasdf.com.br\/index.php\/wp-json\/wp\/v2\/pages\/185\/revisions\/40702"}],"wp:attachment":[{"href":"https:\/\/www.vagasdf.com.br\/index.php\/wp-json\/wp\/v2\/media?parent=185"}],"curies":[{"name":"wp","href":"https:\/\/api.w.org\/{rel}","templated":true}]}}